/6 + 2*f**2. Give o(y).
10
Let i(x) = 21*x - 23*x + 3*x**2 - x**3 + 2*x**3 - 4*x - 4. What is i(-4)?
4
Let f(j) be the first derivative of 5*j**2/2 - 5*j + 34. Calculate f(2).
5
Let k(w) = -w**2 + 1. Let r = 2 - -2. Suppose 15 = -r*c + 39. Let l(t) = -5*t**2 + t + 3. Let s(d) = c*k(d) - l(d). What is s(-4)?
-9
Let j(l) = 3 + 2*l + l**3 - 5 - 3 + 6*l**2. Suppose 15*y = 7*y - 40. Calculate j(y).
10
Let r(j) = -j**2 - 11*j - 4. Let k be r(-11). Let g(o) = -o**3 - o**2 + 1. Let m(i) = -3*i**3 + 2*i + 2. Let h(v) = k*g(v) + m(v). What is h(-4)?
-10
Suppose 441 = -4*s + 3*b, -3*s - 5*b + 545 = -8*s. Let n be (-6 + s/(-18))*3*-1. Let p(z) = 3*z + 1. Give p(n).
-2
Let k(f) = -f**2 + 9. Let o(h) = h**3 + 20*h**2 - 42*h + 44. Let v be o(-22). What is k(v)?
9
Let t = -1802 + 1806. Let d(k) = -k**2 + 3*k - 1. Determine d(t).
-5
Suppose 24 = -11*d - 9. Let i(n) be the first derivative of -n**4/4 - n**3 + n**2/2 - 4*n + 1. Let f be i(d). Let p(v) = v**3 + 7*v**2 + v + 9. Calculate p(f).
2
Let c = -16 - -44. Suppose -6*k = -2*i - 2*k + c, 0 = 2*i - 2*k - 18. Let o(m) = -8*m + 8. Let l(w) = 2*w - 2. Let a(y) = -9*l(y) - 2*o(y). What is a(i)?
-6
Let g(s) = -26*s + 9*s + 3 + 15*s. What is g(3)?
-3
Let f(l) be the second derivative of 3*l**5/20 + l**4/12 + l**3/6 + l**2/2 + l. Suppose -678*p = -1349*p + 676*p + 5. What is f(p)?
-2
Let b = -1282 - -1296. Let z(r) = -r**2 + 10*r + 55. What is z(b)?
-1
Let b(c) = 5*c**2 - 5*c - 2. Let q(n) = 3*n**2 - 3*n - 1. Let h(r) = -4*b(r) + 9*q(r). Let g(o) = -o**2 + o. Let z(s) = -6*g(s) - h(s). Calculate z(-1).
-1
Let r(w) be the third derivative of w**4/12 - w**3/2 + 88*w**2 - 3*w. Give r(2).
1
Let k(u) = u - 2. Suppose -2*v - 8 = -4*v. Let d be k(v). Let w(t) = 3*t**2 - t**3 + d + 5*t**3 - 5*t**3 - 2*t. Give w(3).
-4
Suppose 8*o - 24 = 5*o. Let f(l) = -19*l**2 - 3 + 5*l**2 + 5*l**2 - 2*l + o*l**2. Calculate f(-3).
-6
Let z = 1 + 6. Let x(f) = -2*f**2 + 16*f - 6. Let v be x(z). Suppose v = -0*y + 4*y. Let g(j) = j**2 - 2*j + 2. What is g(y)?
2
Let x(m) = m**3 + 11*m**2 - 17*m - 14. Let u(d) = d**3 + 11*d**2 - 16*d - 15. Let b(g) = -4*u(g) + 3*x(g). Determine b(-12).
6
Let b(c) be the second derivative of -c**4/6 + c**3/3 - 3*c**2/2 - 2*c. Let z(i) = -2*i**2 - 9*i + 7. Let j be z(-5). Determine b(j).
-7
Let p(n) = -n**3 + 15*n**2 + 21*n + 3. Let h(f) = f**3 - 14*f**2 - 19*f - 4. Let j(v) = -6*h(v) - 5*p(v). Determine j(10).
-1
Let i(f) = -11*f**2 + 2*f - 3. Let d(a) = 2 - a + 6*a - 27*a**2 - 9 + 4*a**2. Let g(j) = 2*d(j) - 5*i(j). Give g(1).
10
Let c = -63 - -59. Let m be ((-2)/4)/(c/(-16)). Let r(b) be the first derivative of -2*b**3/3 - 1. Give r(m).
-8
Let t(b) = b**2 + 9*b - 12. Let y(x) = -2*x**2 - x + 18. Let l be y(-4). What is t(l)?
-2
Let u(f) = -f**2 - 7*f - 9. Let j(p) = -13*p - 199. Let w be j(-15). What is u(w)?
3
Let o(d) = d. Let h(t) = -3*t + 7. Suppose -23 = 3*w - 20. Let i(z) = w*h(z) - 5*o(z). Suppose 0*j + c = -j - 8, -5*c = -j + 4. Calculate i(j).
5
Let i(g) be the second derivative of g**5/20 + 5*g**4/12 + g**2 - 4*g - 13. What is i(-5)?
2
Let z(q) = -14*q**2 - 6*q + 10. Let s(u) = -10*u**2 - 7*u + 9. Let d(t) = -4*s(t) + 3*z(t). What is d(6)?
-18
Let r(i) be the third derivative of i**5/60 - i**4/24 - 17*i**3/6 - 32*i**2 - 2. What is r(0)?
-17
Suppose 3*r - 4*x = -14, 0 = r + 3*x - x - 12. Let a(i) = 1 - 4 + 6*i**2 - r*i - 13*i**3 + 12*i**3. Calculate a(6).
-15
Let j(q) = -q**2 - 13*q - 33. Let n be j(-5). Let m(d) = d - 12. Determine m(n).
-5
Let k be 24/(-10)*(-20)/8. Let v be 28/12 + (-2)/k. Let s(b) = 10*b + b**3 - 11*b**2 - 4*b + 5 + 3*b**v. Calculate s(7).
-2
Let j(w) = 6 - 13*w - 2 + 0 + 46*w - 25*w. Calculate j(2).
20
Let l be -6 + (5 - 2) - -1. Let u(m) = -2*m**2 - 2*m - 2. Determine u(l).
-6
Let n be (20/7 - (-48)/(-56))/((-5)/(-20)). Let t(g) be the third derivative of -g**6/120 + 7*g**5/60 + 3*g**4/8 - 5*g**3/3 - g**2. What is t(n)?
-2
Let u(g) be the first derivative of g**2/2 - 2*g + 246. Determine u(12).
10
Let n = 19 - 5. Suppose 0 = -i - u - 1 - 9, -n = i + 2*u. Let h(t) be the first derivative of -t**2/2 - 2*t - 53. What is h(i)?
4
Suppose 32 + 32 = -8*z. Let h(q) = -q**3 - 9*q**2 - 9*q - 8. Give h(z).
0
Suppose -73*z + 68*z = 2*n - 21, -3*z = -3*n. Let f(m) = m**2 - 4*m. Give f(z).
-3
Let k(l) = -30*l - 8. Let i(d) = -25*d - 7. Let z(b) = -7*i(b) + 6*k(b). Calculate z(-1).
6
Let r(n) = -n**2 - 5*n - 1 - n**2 - 1 + n**3 + 4. Suppose -2*z = g + z, -4*g + 14 = -2*z. Give r(g).
-4
Let n = 35 + -13. Suppose 1 - n = 3*j. Let f(u) = -u**2 - 8*u - 6. Calculate f(j).
1
Let t = -41 + 40. Let g(y) = 7*y**2 + 6*y**2 + 14 - 31 - 2*y + 16. Give g(t).
14
Suppose 2*k - 15 = 5*k. Let w(p) be the third derivative of -p**5/60 - 5*p**4/24 - p**3 - 6*p**2 - 12*p. Determine w(k).
-6
Let s = -3 + 5. Let k = 2 + 1. Let l(g) = -k*g - 4*g + 4*g. Give l(s).
-6
Suppose -14 + 4 = 2*i, 5*z - 3*i - 15 = 0. Let g(j) be the third derivative of j**4/24 - j**3/2 - j**2. Determine g(z).
-3
Suppose -3*r - 2 = 2*v - 6, v - 16 = -5*r. Suppose -4*o + r*u = -12, -3*o + 6 = -u - u. Let c(t) = t**2 + 4. Determine c(o).
4
Let o(k) = 2*k**2 - 1535 - 3*k**2 + 17*k + 1504. Calculate o(15).
-1
Let z(f) = 0 - f**2 + 3 + 6 - 4*f + 6*f**2. Let l(y) = -4*y**2 + 4*y - 8. Let j(m) = 6*l(m) + 5*z(m). Determine j(-4).
-3
Let u(y) = 123*y - 5410. Let n be u(44). Let b(c) = -c + 6*c + 1 - c. What is b(n)?
9
Suppose 0 = -118*u + 122*u - 44. Let z(n) = n**2 - 12*n + 6. Calculate z(u).
-5
Let i(s) = -s**3 + 27*s**2 - 51*s + 32. Let c be i(25). Let o(l) = -l**2 + 2*l + 2. What is o(c)?
-33
Let n(d) = -d**2 - 6*d + 2. Let y be n(-6). Let q(m) = 2*m**3 + 2*m**2 + 9*m + 3. Let f(x) = -x**3 - 3*x**2 - 8*x - 2. Let r(o) = y*q(o) + 3*f(o). What is r(6)?
0
Let u(l) = -2*l**2 - 10*l + 3. Let d(h) = 2*h**2 + 11*h - 4. Let b(q) = 5*d(q) + 6*u(q). Suppose -w = -7*j + 5*j - 8, 2*j = -3*w. What is b(j)?
-5
Suppose l = -5*a + 3, 5*l + 4*a - 15 = 5*a. Let g(t) be the second derivative of 0 - t + 1/6*t**l + t**2. What is g(-2)?
0
Let d(t) = -2*t + 3. Let a(v) = 1. Let i(n) = -2*a(n) - d(n). Suppose 0 = 5*w - 5 - 25. Suppose w*g - 45 = -3*g. Determine i(g).
5
Let s(r) = -r**2 - 5*r - 6. Let l(a) be the third derivative of 1/24*a**6 + 0 + 1/60*a**5 + 0*a - 1/24*a**4 - 7*a**2 - 1/6*a**3. Let i be l(-1). Give s(i).
-2
Let q(z) = -z**3 + 4*z**2 + 8*z - 3. Let t be 22/(-6) - 2/6. Let y be (-2 + 70/28)/(2/(-72)). Let m be y/t + (-8)/(-16). What is q(m)?
12
Suppose 11*c + 1 = 9*c - 3*v, 4*c + 2*v = 18. Let k(t) = 2*t + 3. Give k(c).
17
Suppose 0 = -5*w - z + 4 + 19, 0 = 3*w - 2*z - 19. Let l(j) = -18*j + w*j - 6 + 11*j. Give l(-4).
2
Let u = 104 - 110. Let h(m) = m**3 + 7*m**2 + 7*m + 3. Give h(u).
-3
Let q(n) be the third derivative of 0*n - 1/120*n**6 - 1/3*n**3 + 5*n**2 + 0*n**4 + 0 + 1/15*n**5. Determine q(4).
-2
Let z(q) = 4*q - 1. Let o(s) = s**3 + 5*s**2 - 6*s - 5. Let y(m) = m**2 + m - 1. Let u(w) = o(w) - y(w). Let p be u(-5). Suppose -p*h = -3*h + 3. What is z(h)?
-5
Suppose 0 = -15*y + 12*y + 3*m + 15, 0 = 3*y - 2*m - 10. Let j(l) = l**3 - l - 38. Calculate j(y).
-38
Let s(z) be the third derivative of -9*z**2 + 1/3*z**3 - 1/20*z**5 + 0 + 0*z - 1/12*z**4. Calculate s(-2).
-6
Let u(f) be the second derivative of f**3/3 + 3*f**2/2 + 11*f + 1. Calculate u(-4).
-5
Suppose u - 5 = 0, -2*u = -2*g - u + 25. Suppose 17*d = 12*d - g. Let x(q) = -q**3 - 4*q**2 - q + 1. Give x(d).
-5
Let t(n) = -2*n**2 + 15*n + 26. Let b be t(9). Let k(x) = 7*x**3 - 1. What is k(b)?
-8
Let z(s) = -3*s + 8. Suppose -6 = -12*v + 66. Determine z(v).
-10
Suppose -5*z = 0, -3*t = -2*t - 5*z - 6. Let a(h) = t - 11*h - 7*h + 16*h. What is a(5)?
-4
Let w(f) = -20*f + 62. Let b(p) = -9*p + 30. Let i(g) = 5*b(g) - 2*w(g). Give i(8).
-14
Let y(r) be the second derivative of 1/2*r**2 - 1/4*r**4 - r + 1/3*r**3 - 1/20*r**5 + 0. Let j(n) = n**3 - 6*n**2 - 5*n - 17. Let i be j(7). Determine y(i).
-5
Let t(b) = 2*b + 3*b + 6 - 2*b + 9*b - 9*b. Determine t(0).
6
Let s(r) = r**2 + 2*r. Let b = 5 - -4. Suppose 30 = -b*y + 4*y. What is s(y)?
24
Suppose -2*v = -5*x - 11, 3*v - 3*x = 9 + 3. Let p(c) = -2*c + 3*c**3 - c**3 - 3*c**3 - 1 - 2 + 4*c**2. Give p(v).
0
Suppose a + 0 = 3. Let o be -1*(-2 + a) + 4. Let p(i) = -i**3 + 3*i**2 - i - 4. Give p(o).
-7
Let t(r) be the first derivative of -5*r**2 + 74